{"id":11694,"date":"2024-07-09T15:47:36","date_gmt":"2024-07-09T20:47:36","guid":{"rendered":"https:\/\/clinicacrearvision.com.co\/web\/?page_id=11694"},"modified":"2025-06-11T11:31:37","modified_gmt":"2025-06-11T16:31:37","slug":"solicitar-cita","status":"publish","type":"page","link":"https:\/\/clinicacrearvision.com.co\/web\/?page_id=11694","title":{"rendered":"Solicitar Cita"},"content":{"rendered":"\t\t<div data-elementor-type=\"wp-page\" data-elementor-id=\"11694\" class=\"elementor elementor-11694\">\n\t\t\t\t\t\t<section class=\"elementor-section elementor-top-section elementor-element elementor-element-ffccda7 elementor-section-boxed elementor-section-height-default elementor-section-height-default\" data-id=\"ffccda7\" data-element_type=\"section\">\n\t\t\t\t\t\t<div class=\"elementor-container elementor-column-gap-default\">\n\t\t\t\t\t<div class=\"elementor-column elementor-col-100 elementor-top-column elementor-element elementor-element-91a3f52\" data-id=\"91a3f52\" data-element_type=\"column\">\n\t\t\t<div class=\"elementor-widget-wrap elementor-element-populated\">\n\t\t\t\t\t\t<div class=\"elementor-element elementor-element-c1ddf04 elementor-widget elementor-widget-heading\" data-id=\"c1ddf04\" data-element_type=\"widget\" data-widget_type=\"heading.default\">\n\t\t\t\t<div class=\"elementor-widget-container\">\n\t\t\t\t\t<h2 class=\"elementor-heading-title elementor-size-default\">Solicitar Cita M\u00e9dica<\/h2>\t\t\t\t<\/div>\n\t\t\t\t<\/div>\n\t\t\t\t<div class=\"elementor-element elementor-element-ef5c0cd elementor-widget elementor-widget-text-editor\" data-id=\"ef5c0cd\" data-element_type=\"widget\" data-widget_type=\"text-editor.default\">\n\t\t\t\t<div class=\"elementor-widget-container\">\n\t\t\t\t\t\t\t\t\t<div class=\"datos_info\">\n<p><strong>Tenga en cuenta las siguientes recomendaciones al solicitar su cita por este medio:<\/strong><\/p>\n<ul>\n<li>Registre los datos del paciente (no del solicitante).<\/li>\n<li>Diligencie de forma completa el formato y registre informaci\u00f3n real. Los datos que usted nos suministra son de total reserva.<\/li>\n<li>La confirmaci\u00f3n de su solicitud ser\u00e1 enviada al correo electr\u00f3nico o telefonos registrados, por favor revise la bandeja de entrada y la bandeja de correos no deseados o spam.<\/li>\n<\/ul>\n<\/div>\n<p><strong>Se\u00f1or usuario para solicitar una cita m\u00e9dica ingrese la siguiente informaci\u00f3n<\/strong><\/p>\n<p style=\"box-sizing: inherit; font-size: 15px; font-style: normal; font-weight: 400;\"><span class=\"\" style=\"box-sizing: inherit;\"><span style=\"box-sizing: inherit; font-weight: bold;\">Observaciones<\/span>:<\/span><\/p>\n<p style=\"box-sizing: inherit; font-size: 15px; font-style: normal; font-weight: 400;\"><span class=\"\" style=\"box-sizing: inherit;\">\u00b7 Recuerde que todos los campos marcados con asterisco (*) son de obligatorio diligenciamiento.<\/span><\/p>\n<p style=\"box-sizing: inherit; font-size: 15px; font-style: normal; font-weight: 400;\"><span class=\"\" style=\"box-sizing: inherit;\">\u00b7 La respuesta a esta solicitud se har\u00e1 a trav\u00e9s del correo o telefonos que usted registro, si despu\u00e9s de 3 d\u00edas h\u00e1biles no ha recibido respuesta, por favor comunicarse a citasmedicas@clinicacrearvision.com.co<\/span><\/p>\t\t\t\t\t\t\t\t<\/div>\n\t\t\t\t<\/div>\n\t\t\t\t\t<\/div>\n\t\t<\/div>\n\t\t\t\t\t<\/div>\n\t\t<\/section>\n\t\t\t\t<\/div>\n\t\t","protected":false},"excerpt":{"rendered":"<p>Solicitar Cita M\u00e9dica Tenga en cuenta las siguientes recomendaciones al solicitar su cita por este medio: Registre los datos del paciente (no del solicitante). Diligencie de forma completa el formato y registre informaci\u00f3n real. Los datos que usted nos suministra son de total reserva. La confirmaci\u00f3n de su solicitud ser\u00e1 enviada al correo electr\u00f3nico o [&hellip;]<\/p>\n","protected":false},"author":2,"featured_media":0,"parent":0,"menu_order":0,"comment_status":"closed","ping_status":"closed","template":"","meta":{"site-sidebar-layout":"no-sidebar","site-content-layout":"page-builder","ast-site-content-layout":"full-width-container","site-content-style":"default","site-sidebar-style":"default","ast-global-header-display":"","ast-banner-title-visibility":"","ast-main-header-display":"","ast-hfb-above-header-display":"","ast-hfb-below-header-display":"","ast-hfb-mobile-header-display":"","site-post-title":"disabled","ast-breadcrumbs-content":"","ast-featured-img":"disabled","footer-sml-layout":"","theme-transparent-header-meta":"","adv-header-id-meta":"","stick-header-meta":"","header-above-stick-meta":"","header-main-stick-meta":"","header-below-stick-meta":"","astra-migrate-meta-layouts":"set","ast-page-background-enabled":"default","ast-page-background-meta":{"desktop":{"background-color":"","background-image":"","background-repeat":"repeat","background-position":"center center","background-size":"auto","background-attachment":"scroll","background-type":"","background-media":"","overlay-type":"","overlay-color":"","overlay-opacity":"","overlay-gradient":""},"tablet":{"background-color":"","background-image":"","background-repeat":"repeat","background-position":"center center","background-size":"auto","background-attachment":"scroll","background-type":"","background-media":"","overlay-type":"","overlay-color":"","overlay-opacity":"","overlay-gradient":""},"mobile":{"background-color":"","background-image":"","background-repeat":"repeat","background-position":"center center","background-size":"auto","background-attachment":"scroll","background-type":"","background-media":"","overlay-type":"","overlay-color":"","overlay-opacity":"","overlay-gradient":""}},"ast-content-background-meta":{"desktop":{"background-color":"var(--ast-global-color-5)","background-image":"","background-repeat":"repeat","background-position":"center center","background-size":"auto","background-attachment":"scroll","background-type":"","background-media":"","overlay-type":"","overlay-color":"","overlay-opacity":"","overlay-gradient":""},"tablet":{"background-color":"var(--ast-global-color-5)","background-image":"","background-repeat":"repeat","background-position":"center center","background-size":"auto","background-attachment":"scroll","background-type":"","background-media":"","overlay-type":"","overlay-color":"","overlay-opacity":"","overlay-gradient":""},"mobile":{"background-color":"var(--ast-global-color-5)","background-image":"","background-repeat":"repeat","background-position":"center center","background-size":"auto","background-attachment":"scroll","background-type":"","background-media":"","overlay-type":"","overlay-color":"","overlay-opacity":"","overlay-gradient":""}},"footnotes":""},"class_list":["post-11694","page","type-page","status-publish","hentry"],"_links":{"self":[{"href":"https:\/\/clinicacrearvision.com.co\/web\/index.php?rest_route=\/wp\/v2\/pages\/11694","targetHints":{"allow":["GET"]}}],"collection":[{"href":"https:\/\/clinicacrearvision.com.co\/web\/index.php?rest_route=\/wp\/v2\/pages"}],"about":[{"href":"https:\/\/clinicacrearvision.com.co\/web\/index.php?rest_route=\/wp\/v2\/types\/page"}],"author":[{"embeddable":true,"href":"https:\/\/clinicacrearvision.com.co\/web\/index.php?rest_route=\/wp\/v2\/users\/2"}],"replies":[{"embeddable":true,"href":"https:\/\/clinicacrearvision.com.co\/web\/index.php?rest_route=%2Fwp%2Fv2%2Fcomments&post=11694"}],"version-history":[{"count":34,"href":"https:\/\/clinicacrearvision.com.co\/web\/index.php?rest_route=\/wp\/v2\/pages\/11694\/revisions"}],"predecessor-version":[{"id":13718,"href":"https:\/\/clinicacrearvision.com.co\/web\/index.php?rest_route=\/wp\/v2\/pages\/11694\/revisions\/13718"}],"wp:attachment":[{"href":"https:\/\/clinicacrearvision.com.co\/web\/index.php?rest_route=%2Fwp%2Fv2%2Fmedia&parent=11694"}],"curies":[{"name":"wp","href":"https:\/\/api.w.org\/{rel}","templated":true}]}}